he ten thousands digit of 662679?
6
What is the ten thousands digit of 544114?
4
What is the ten thousands digit of 18438959?
3
What is the hundreds digit of 3490098?
0
What is the ten thousands digit of 1163847?
6
What is the ten thousands digit of 1298686?
9
What is the ten thousands digit of 128696?
2
What is the tens digit of 974144?
4
What is the tens digit of 885371?
7
What is the units digit of 206772?
2
What is the hundreds digit of 1406847?
8
What is the tens digit of 1591320?
2
What is the tens digit of 1272444?
4
What is the ten thousands digit of 332457?
3
What is the tens digit of 1971349?
4
What is the hundreds digit of 7777638?
6
What is the units digit of 110601?
1
What is the hundreds digit of 932375?
3
What is the hundreds digit of 40268?
2
What is the hundreds digit of 521245?
2
What is the hundred thousands digit of 1111893?
1
What is the hundreds digit of 7014453?
4
What is the millions digit of 1138313?
1
What is the ten thousands digit of 460216?
6
What is the ten thousands digit of 2440586?
4
What is the hundred thousands digit of 14229341?
2
What is the ten thousands digit of 5689879?
8
What is the thousands digit of 416287?
6
What is the units digit of 1340187?
7
What is the units digit of 4180011?
1
What is the ten thousands digit of 12023110?
2
What is the millions digit of 4942630?
4
What is the thousands digit of 6436538?
6
What is the hundreds digit of 35888825?
8
What is the hundred thousands digit of 186627?
1
What is the millions digit of 15948629?
5
What is the ten thousands digit of 70111?
7
What is the thousands digit of 4720665?
0
What is the tens digit of 339259?
5
What is the ten thousands digit of 1392823?
9
What is the hundreds digit of 3653092?
0
What is the hundreds digit of 951845?
8
What is the hundreds digit of 87262?
2
What is the tens digit of 1389119?
1
What is the tens digit of 133628?
2
What is the millions digit of 1996852?
1
What is the millions digit of 11913843?
1
What is the ten thousands digit of 21458?
2
What is the units digit of 206898?
8
What is the tens digit of 316705?
0
What is the ten thousands digit of 6494073?
9
What is the ten millions digit of 22054478?
2
What is the hundred thousands digit of 236659?
2
What is the hundred thousands digit of 1701576?
7
What is the millions digit of 3496524?
3
What is the ten thousands digit of 91247?
9
What is the ten thousands digit of 2074782?
7
What is the hundred thousands digit of 176137?
1
What is the tens digit of 5987840?
4
What is the tens digit of 238805?
0
What is the ten thousands digit of 14256092?
5
What is the thousands digit of 53384?
3
What is the hundred thousands digit of 3960776?
9
What is the hundred thousands digit of 5055196?
0
What is the tens digit of 6894616?
1
What is the units digit of 11871555?
5
What is the thousands digit of 13391?
3
What is the hundred thousands digit of 393825?
3
What is the hundreds digit of 94711?
7
What is the hundreds digit of 1310121?
1
What is the ten thousands digit of 188152?
8
What is the tens digit of 26186178?
7
What is the hundred thousands digit of 438638?
4
What is the ten thousands digit of 10935490?
3
What is the ten thousands digit of 1584386?
8
What is the hundred thousands digit of 10898115?
8
What is the millions digit of 13987919?
3
What is the hundred thousands digit of 216672?
2
What is the tens digit of 2272477?
7
What is the millions digit of 1607607?
1
What is the thousands digit of 85365?
5
What is the hundreds digit of 633937?
9
What is the tens digit of 28499619?
1
What is the ten thousands digit of 7606608?
0
What is the ten thousands digit of 169472?
6
What is the units digit of 4103706?
6
What is the hundreds digit of 1691792?
7
What is the hundreds digit of 2317135?
1
What is the ten thousands digit of 887222?
8
What is the tens digit of 15146681?
8
What is the hundred thousands digit of 386515?
3
What is the ten thousands digit of 1082327?
8
What is the millions digit of 1236374?
1
What is the units digit of 2164165?
5
What is the units digit of 59707?
7
What is the thousands digit of 1057113?
7
What is the ten thousands digit of 461685?
6
What is the tens digit of 19556449?
4
What is the hundreds digit of 237297?
2
What is the units digit of 782811?
1
What is the hundreds digit of 2764600?
6
What is the units digit of 134269?
9
What is the ten thousands digit of 450145?
5
What is the hundreds digit of 704812?
8
What is the hundred thousands digit of 355262?
3
What is the hundreds digit of 350902?
9
What is the hundred thousands digit of 517720?
5
What is the thousands digit of 212717?
2
What is the thousands digit of 1568926?
8
What is the tens digit of 987516?
1
What is the ten thousands digit of 2050614?
5
What is the tens digit of 89359?
5
What is the hundred thousands digit of 7055137?
0
What is the ten thousands digit of 110319?
1
What is the tens digit of 35474989?
8
What is the ten millions digit of 18748781?
1
What is the hundred thousands digit of 11736646?
7
What is the hundreds digit of 412332?
3
What is the units digit of 922595?
5
What is the tens digit of 1767395?
9
What is the hundreds digit of 385362?
3
What is the thousands digit of 427829?
7
What is the millions digit of 3328309?
3
What is the units digit of 3864311?
1
What is the thousands digit of 2671065?
1
What is the units digit of 7519619?
9
What is the hundreds digit of 9977378?
3
What is the units digit of 523013?
3
What is the ten millions digit of 19920164?
1
What is the ten thousands digit of 3952796?
5
What is the hundreds digit of 263336?
3
What is the tens digit of 42420299?
9
What is the ten thousands digit of 24633664?
3
What is the hundreds digit of 488197?
1
What is the hundred thousands digit of 2717234?
7
What is the units digit of 93025?
5
What is the hundreds digit of 962544?
5
What is the hundred thousands digit of 114917?
1
What is the hundred thousands digit of 292381?
2
What is the units digit of 242864?
4
What is the thousands digit of 3047756?
7
What is the hundreds digit of 167160?
1
What is the thousands digit of 274639?
4
What is the tens digit of 5077593?
9
What is the tens digit of 125095?
9
What is the ten thousands digit of 1992551?
9
What is the thousands digit of 782433?
2
What is the hundreds digit of 5635338?
3
What is the tens digit of 64948?
4
What is the hundred thousands digit of 9285752?
2
What is the hundred thousands digit of 185914?
1
What is the thousands digit of 699350?
9
What is the units digit of 1412177?
7
What is the units digit of 2987889?
9
What is the ten thousands digit of 10333956?
3
What is the tens digit of 724460?
6
What is the tens digit of 116334?
3
What is the hundred thousands digit of 28592657?
5
What is the units digit of 441678?
8
What is the hundred thousands digit of 152865?
1
What is the tens digit of 3535775?
7
What is the tens digit of 246138?
3
What is the hundreds digit of 32610?
6
What is the thousands digit of 3764813?
4
What is the units digit of 226877?
7
What is the hundred thousands digit of 130098?
1
What is the units digit of 33842?
2
What is the thousands digit of 38091417?
1
What is the tens digit of 253028?
2
What is the hundreds digit of 166176?
1
What is the hundred thousands digit of 235374?
2
What is the hundred thousands digit of 763329?
7
What is the thousands digit of 1051003?
1
What is the thousands digit of 2667880?
7
What is the ten thousands digit of 977693?
7
What is the millions digit of 35902953?
5
What is the ten thousands digit of 241979?
4
What is the ten thousands digit of 5708255?
0
What is the ten thousands digit of 216351?
1
What is the tens digit of 1518713?
1
What is the hundreds digit of 1493125?
1
What is the units digit of 12602008?
8
What is the tens digit of 416273?
7
What is the hundreds digit of 546724?
7
What is the thousands digit of 285502?
5
What is the hundreds digit of 5096?
0
What is the hundreds digit of 5124988?
9
What is the units digit of 5161591?
1
What is the hundred thousands digit of 3122192?
1
What is the hundred thousands digit of 1347630?
3
What is the hundreds digit of 238366?
3
What is the millions digit of 1308429?
1
What is the units digit of 150227?
7
What is the tens digit of 92488?
8
What is the ten thousands digit of 3620069?
2
What is the thous